digit of 1831925?
1
What is the ten thousands digit of 12293504?
9
What is the tens digit of 934752?
5
What is the ten thousands digit of 368197?
6
What is the tens digit of 5222019?
1
What is the hundreds digit of 10401013?
0
What is the ten thousands digit of 3093179?
9
What is the ten thousands digit of 3528471?
2
What is the ten thousands digit of 18561095?
6
What is the tens digit of 2902946?
4
What is the ten thousands digit of 1808081?
0
What is the hundreds digit of 20189188?
1
What is the thousands digit of 3835321?
5
What is the hundreds digit of 247827?
8
What is the thousands digit of 28152272?
2
What is the thousands digit of 1616730?
6
What is the units digit of 786064?
4
What is the thousands digit of 154720?
4
What is the hundreds digit of 125758?
7
What is the hundreds digit of 30668445?
4
What is the tens digit of 1896149?
4
What is the tens digit of 1336625?
2
What is the hundred thousands digit of 148736?
1
What is the millions digit of 17406080?
7
What is the thousands digit of 386082?
6
What is the thousands digit of 94926?
4
What is the hundreds digit of 485238?
2
What is the tens digit of 28091171?
7
What is the hundreds digit of 1969135?
1
What is the ten thousands digit of 7873125?
7
What is the ten thousands digit of 825524?
2
What is the units digit of 2932935?
5
What is the tens digit of 3301400?
0
What is the units digit of 486334?
4
What is the units digit of 551620?
0
What is the hundred thousands digit of 3287727?
2
What is the ten thousands digit of 231523?
3
What is the thousands digit of 134855?
4
What is the thousands digit of 8234667?
4
What is the hundred thousands digit of 17212981?
2
What is the tens digit of 1100092?
9
What is the millions digit of 22768647?
2
What is the hundred thousands digit of 340588?
3
What is the ten millions digit of 30577851?
3
What is the ten thousands digit of 6760335?
6
What is the units digit of 144372?
2
What is the millions digit of 2767420?
2
What is the ten thousands digit of 1904273?
0
What is the hundred thousands digit of 140440?
1
What is the ten millions digit of 14228675?
1
What is the units digit of 442026?
6
What is the hundreds digit of 1904782?
7
What is the tens digit of 3441416?
1
What is the ten thousands digit of 514621?
1
What is the ten thousands digit of 1464822?
6
What is the hundreds digit of 123066?
0
What is the tens digit of 126783?
8
What is the units digit of 207409?
9
What is the hundred thousands digit of 2113124?
1
What is the thousands digit of 7514197?
4
What is the hundred thousands digit of 493525?
4
What is the tens digit of 5043783?
8
What is the ten thousands digit of 128228?
2
What is the tens digit of 127053?
5
What is the thousands digit of 45073?
5
What is the ten thousands digit of 14443478?
4
What is the units digit of 8383921?
1
What is the hundred thousands digit of 2067453?
0
What is the tens digit of 3366206?
0
What is the hundred thousands digit of 7182580?
1
What is the hundred thousands digit of 212850?
2
What is the hundreds digit of 897302?
3
What is the thousands digit of 1212211?
2
What is the tens digit of 3782289?
8
What is the ten thousands digit of 763962?
6
What is the ten thousands digit of 478314?
7
What is the units digit of 18165814?
4
What is the ten thousands digit of 2271240?
7
What is the thousands digit of 307405?
7
What is the millions digit of 7318151?
7
What is the hundreds digit of 7092175?
1
What is the thousands digit of 665213?
5
What is the thousands digit of 15643?
5
What is the units digit of 27193?
3
What is the millions digit of 19859085?
9
What is the millions digit of 1766497?
1
What is the units digit of 9878966?
6
What is the hundred thousands digit of 2411070?
4
What is the hundreds digit of 8387526?
5
What is the units digit of 1687079?
9
What is the hundreds digit of 912017?
0
What is the hundreds digit of 1630328?
3
What is the ten thousands digit of 1575987?
7
What is the units digit of 24318?
8
What is the tens digit of 27577?
7
What is the tens digit of 1349041?
4
What is the thousands digit of 6110839?
0
What is the ten thousands digit of 1234057?
3
What is the hundred thousands digit of 33436551?
4
What is the ten thousands digit of 269998?
6
What is the thousands digit of 413652?
3
What is the thousands digit of 529688?
9
What is the thousands digit of 294552?
4
What is the hundred thousands digit of 225859?
2
What is the hundreds digit of 544249?
2
What is the hundreds digit of 51503?
5
What is the millions digit of 5300205?
5
What is the hundreds digit of 16949717?
7
What is the millions digit of 8336332?
8
What is the thousands digit of 3350485?
0
What is the units digit of 56687?
7
What is the units digit of 26778334?
4
What is the ten thousands digit of 92489?
9
What is the tens digit of 197147?
4
What is the hundred thousands digit of 1163294?
1
What is the tens digit of 4027610?
1
What is the units digit of 1863092?
2
What is the units digit of 1562928?
8
What is the hundred thousands digit of 252601?
2
What is the units digit of 1899119?
9
What is the ten thousands digit of 1151998?
5
What is the ten thousands digit of 157921?
5
What is the thousands digit of 926767?
6
What is the tens digit of 2823770?
7
What is the tens digit of 2667134?
3
What is the units digit of 8694334?
4
What is the tens digit of 1192339?
3
What is the hundred thousands digit of 9135479?
1
What is the millions digit of 6594365?
6
What is the tens digit of 4779734?
3
What is the hundreds digit of 545304?
3
What is the ten millions digit of 10022902?
1
What is the hundred thousands digit of 25347329?
3
What is the ten thousands digit of 11913118?
1
What is the units digit of 1173801?
1
What is the millions digit of 4441629?
4
What is the ten thousands digit of 301495?
0
What is the thousands digit of 178139?
8
What is the hundreds digit of 8245?
2
What is the units digit of 4227600?
0
What is the thousands digit of 5920226?
0
What is the tens digit of 3139213?
1
What is the hundreds digit of 7166693?
6
What is the thousands digit of 35683?
5
What is the thousands digit of 14697754?
7
What is the hundreds digit of 10379621?
6
What is the tens digit of 477265?
6
What is the hundred thousands digit of 226437?
2
What is the ten thousands digit of 81802?
8
What is the tens digit of 100324?
2
What is the thousands digit of 231980?
1
What is the hundred thousands digit of 127315?
1
What is the millions digit of 16503090?
6
What is the ten thousands digit of 575253?
7
What is the units digit of 153622?
2
What is the ten millions digit of 16756275?
1
What is the tens digit of 84219?
1
What is the thousands digit of 334136?
4
What is the millions digit of 2085116?
2
What is the tens digit of 15592?
9
What is the hundred thousands digit of 24667378?
6
What is the ten thousands digit of 5979025?
7
What is the hundred thousands digit of 134789?
1
What is the hundred thousands digit of 9818956?
8
What is the millions digit of 29636066?
9
What is the thousands digit of 309736?
9
What is the ten thousands digit of 4517329?
1
What is the thousands digit of 7224268?
4
What is the tens digit of 20148046?
4
What is the ten thousands digit of 4346009?
4
What is the hundreds digit of 690060?
0
What is the hundreds digit of 505793?
7
What is the units digit of 2487869?
9
What is the thousands digit of 1117834?
7
What is the tens digit of 1840127?
2
What is the hundreds digit of 6224911?
9
What is the units digit of 324874?
4
What is the millions digit of 2340866?
2
What is the tens digit of 392489?
8
What is the ten thousands digit of 225722?
2
What is the hundred thousands digit of 2104447?
1
What is the hundreds digit of 1496825?
8
What is the millions digit of 4687626?
4
What is the ten thousands digit of 279530?
7
What is the hundreds digit of 1775591?
5
What is the units digit of 7268206?
6
What is the hundreds digit of 43033?
0
What is the ten thousands digit of 97011?
9
What is the thousands digit of 800244?
0
What is the thousands digit of 5376144?
6
What is the ten thousands digit of 2475963?
7
What is the ten thousands digit of 8764341?
6
What is the tens digit of 2346008?
0
What is the thousands digit of 429067?
9
What is the hundred thousands digit of 998346?
9
What is the tens digit of 66073?
7
What is t